{"id":1948,"date":"2024-12-16T15:44:56","date_gmt":"2024-12-16T18:44:56","guid":{"rendered":"https:\/\/pizarrasdeportivas.com.ar\/?post_type=product&#038;p=1948"},"modified":"2025-09-20T00:19:37","modified_gmt":"2025-09-20T03:19:37","slug":"hockey-2921-acricilo","status":"publish","type":"product","link":"https:\/\/pizarrasdeportivas.com.ar\/?product=hockey-2921-acricilo","title":{"rendered":"Hockey 29*21 acr\u00edcilo"},"content":{"rendered":"<p>pizarras en acr\u00edlico de 3mm de espesor, corte laser<\/p>\n<p>puede ir con refuerzo de esquineros pl\u00e1sticos<\/p>\n<p>incluye gastos de envi\u00f3 en Argentina<\/p>\n","protected":false},"excerpt":{"rendered":"<p>pizarras en acr\u00edlico de 3mm de espesor, corte laser puede ir con refuerzo de esquineros pl\u00e1sticos incluye gastos de envi\u00f3 en Argentina<\/p>\n","protected":false},"featured_media":2080,"comment_status":"open","ping_status":"closed","template":"","meta":[],"product_brand":[],"product_cat":[82],"product_tag":[],"class_list":{"0":"post-1948","1":"product","2":"type-product","3":"status-publish","4":"has-post-thumbnail","6":"product_cat-hockey","8":"first","9":"instock","10":"shipping-taxable","11":"purchasable","12":"product-type-simple"},"_links":{"self":[{"href":"https:\/\/pizarrasdeportivas.com.ar\/index.php?rest_route=\/wp\/v2\/product\/1948","targetHints":{"allow":["GET"]}}],"collection":[{"href":"https:\/\/pizarrasdeportivas.com.ar\/index.php?rest_route=\/wp\/v2\/product"}],"about":[{"href":"https:\/\/pizarrasdeportivas.com.ar\/index.php?rest_route=\/wp\/v2\/types\/product"}],"replies":[{"embeddable":true,"href":"https:\/\/pizarrasdeportivas.com.ar\/index.php?rest_route=%2Fwp%2Fv2%2Fcomments&post=1948"}],"wp:featuredmedia":[{"embeddable":true,"href":"https:\/\/pizarrasdeportivas.com.ar\/index.php?rest_route=\/wp\/v2\/media\/2080"}],"wp:attachment":[{"href":"https:\/\/pizarrasdeportivas.com.ar\/index.php?rest_route=%2Fwp%2Fv2%2Fmedia&parent=1948"}],"wp:term":[{"taxonomy":"product_brand","embeddable":true,"href":"https:\/\/pizarrasdeportivas.com.ar\/index.php?rest_route=%2Fwp%2Fv2%2Fproduct_brand&post=1948"},{"taxonomy":"product_cat","embeddable":true,"href":"https:\/\/pizarrasdeportivas.com.ar\/index.php?rest_route=%2Fwp%2Fv2%2Fproduct_cat&post=1948"},{"taxonomy":"product_tag","embeddable":true,"href":"https:\/\/pizarrasdeportivas.com.ar\/index.php?rest_route=%2Fwp%2Fv2%2Fproduct_tag&post=1948"}],"curies":[{"name":"wp","href":"https:\/\/api.w.org\/{rel}","templated":true}]}}